{"version":"1.0","provider_name":"F\u0171szer \u00e9s L\u00e9lek","provider_url":"https:\/\/fuszereslelek.nlcafe.hu","author_name":"F\u0171szeres Eszter","author_url":"https:\/\/fuszereslelek.nlcafe.hu\/author\/fuszereseszter\/","title":"Elk\u00e9peszt\u0151en citrusos keksz","html":"<p><img class=\"aligncenter size-full wp-image-7223159\" src=\"https:\/\/fuszereslelek.nlcafe.hu\/wp-content\/uploads\/sites\/5\/2016\/11\/IMG_2574-2.jpg\" alt=\"img_2574\" width=\"1200\" height=\"904\" \/>Na, a kekszgy\u00e1rt\u00e1s egy\u00e1ltal\u00e1n nem az \u00e9n m\u0171fajom volt eddig, azt be kell vallani. Gondolom pont ez\u00e9rt rajong minden egyes h\u00e1zi keksz\u00e9rt annyira a l\u00e1nyom.<br \/>\u00c9s h\u00e1t most mondj\u00e1tok meg, mi m\u00e1st tehetn\u00e9k, mint hogy k\u00e9thetente s\u00fct\u00f6k nekik valamit. Most \u00e9pp ez a citrusos, gy\u00f6mb\u00e9res keksz a men\u0151 errefel\u00e9, \u00e9s h\u00e1t be kell vallani, hogy nek\u00fcnk is le-le cs\u00faszik bel\u0151le n\u00e9h\u00e1ny darab, de ink\u00e1bb elz\u00e1rva tartom magam el\u0151l.<br \/>Sim\u00e1n eltarthat\u00f3 egy h\u00e9tig, vagy az is lehet, hogy m\u00e9g tov\u00e1bb is, de ki k\u00e9pes erre, ebben a finom vaj \u00e9s citromillatban?<br \/><br \/><\/p>\r\n<p>1 cs\u00e9sze 2,5 dl<br \/><br \/>Hozz\u00e1val\u00f3k:<br \/>2,5 cs\u00e9sze liszt<br \/>1 tk\u00a0sz\u00f3dabikarb\u00f3na<br \/>1\/2 te\u00e1skan\u00e1l s\u00f3<br \/>2 kk frissen reszelt\u00a0gy\u00f6mb\u00e9r<br \/>1 citrom reszelt h\u00e9ja<br \/>1\/2 citrom leve<br \/>3\/4 cs\u00e9sze puha vaj<br \/>1\u00a0cs\u00e9sze\u00a0n\u00e1dcukor<br \/>1 nagy toj\u00e1s<br \/>2 ek\u00a0m\u00e9z (lehet\u0151leg h\u00e1rsm\u00e9z)<\/p>\r\n<p>Egy nagy t\u00e1lba szit\u00e1ljuk \u00f6ssze a lisztet, a sz\u00f3dabikarb\u00f3n\u00e1t, \u00e9s a s\u00f3t.<br \/> Elektromos habver\u0151vel keverj\u00fck habosra a vajat a \u00a0cukorral, majd adjuk hozz\u00e1 a toj\u00e1st, majd a m\u00e9zet, a gy\u00f6mb\u00e9rt, a \u00a0citromh\u00e9jat \u00e9s a citromlevet.<br \/>Hozz\u00e1keverj\u00fck a sz\u00e1raz hozz\u00e1val\u00f3kat is, majd f\u00f3li\u00e1ba csomagolva a\u00a0h\u0171t\u0151be tessz\u00fck 1 \u00f3r\u00e1ra. <br \/>El\u0151meleg\u00edtj\u00fck a s\u00fct\u0151t 170 fokra.\u00a03-4 mm vastagra ny\u00fajtjuk a t\u00e9szt\u00e1t, \u00e9s form\u00e1val kisz\u00farjuk.\u00a0<br \/>\u00a0S\u00fct\u0151pap\u00edrral b\u00e9lelt s\u00fct\u0151lemezre tessz\u00fck majd el\u0151meleg\u00edtett s\u00fct\u0151ben 8-10 perc alatt megs\u00fctj\u00fck.\u00a0<br \/>Sima tortabevon\u00f3ba m\u00e1rtottam, de persze lehet cifr\u00e1zni. Szerintem akkor j\u00f3, ha csak egy kis r\u00e9szen csokis.<img class=\"aligncenter size-full wp-image-7223158\" src=\"https:\/\/fuszereslelek.nlcafe.hu\/wp-content\/uploads\/sites\/5\/2016\/11\/IMG_2573-1.jpg\" alt=\"img_2573\" width=\"1200\" height=\"1214\" \/><\/p>","type":"rich"}

Fűszer és Lélek

Fűszeres Eszter

Elképesztően citrusos keksz

<p><img class="aligncenter size-full wp-image-7223159" src="https://fuszereslelek.nlcafe.hu/wp-content/uploads/sites/5/2016/11/IMG_2574-2.jpg" alt="img_2574" width="1200" height="904" />Na, a kekszgyártás egyáltalán nem az én műfajom volt eddig, azt be kell vallani. Gondolom pont ezért rajong minden egyes házi kekszért annyira a lányom.<br />És hát most mondjátok meg, mi mást tehetnék, mint hogy kéthetente sütök nekik valamit. Most épp ez a citrusos, gyömbéres keksz a menő errefelé, és hát be kell vallani, hogy nekünk is le-le csúszik belőle néhány darab, de inkább elzárva tartom magam elől.<br />Simán eltartható egy hétig, vagy az is lehet, hogy még tovább is, de ki képes erre, ebben a finom vaj és citromillatban?<br /><br /></p>
<p>1 csésze 2,5 dl<br /><br />Hozzávalók:<br />2,5 csésze liszt<br />1 tk szódabikarbóna<br />1/2 teáskanál só<br />2 kk frissen reszelt gyömbér<br />1 citrom reszelt héja<br />1/2 citrom leve<br />3/4 csésze puha vaj<br />1 csésze nádcukor<br />1 nagy tojás<br />2 ek méz (lehetőleg hársméz)</p>
<p>Egy nagy tálba szitáljuk össze a lisztet, a szódabikarbónát, és a sót.<br /> Elektromos habverővel keverjük habosra a vajat a  cukorral, majd adjuk hozzá a tojást, majd a mézet, a gyömbért, a  citromhéjat és a citromlevet.<br />Hozzákeverjük a száraz hozzávalókat is, majd fóliába csomagolva a hűtőbe tesszük 1 órára. <br />Előmelegítjük a sütőt 170 fokra. 3-4 mm vastagra nyújtjuk a tésztát, és formával kiszúrjuk. <br /> Sütőpapírral bélelt sütőlemezre tesszük majd előmelegített sütőben 8-10 perc alatt megsütjük. <br />Sima tortabevonóba mártottam, de persze lehet cifrázni. Szerintem akkor jó, ha csak egy kis részen csokis.<img class="aligncenter size-full wp-image-7223158" src="https://fuszereslelek.nlcafe.hu/wp-content/uploads/sites/5/2016/11/IMG_2573-1.jpg" alt="img_2573" width="1200" height="1214" /></p>
