{"version":"1.0","provider_name":"F\u0171szer \u00e9s L\u00e9lek","provider_url":"https:\/\/fuszereslelek.nlcafe.hu","author_name":"F\u0171szeres Eszter","author_url":"https:\/\/fuszereslelek.nlcafe.hu\/author\/fuszereseszter\/","title":"Magdus kugl\u00f3fja","html":"<div><a href=\"https:\/\/fuszereslelek.nlcafe.hu\/wp-content\/uploads\/sites\/5\/2010\/08\/Magdus-Kugl\u00f3fja.jpg\" rel=\"attachment wp-att-7220322\"><img class=\"aligncenter size-full wp-image-7220322\" src=\"https:\/\/fuszereslelek.nlcafe.hu\/wp-content\/uploads\/sites\/5\/2010\/08\/Magdus-Kugl\u00f3fja.jpg\" alt=\"Magdus-Kugl\u00f3fja\" width=\"400\" height=\"533\" \/><\/a><\/div>\r\n<div>H\u00eddv\u00e9gi Andr\u00e1s \u00edr\u00e1sa: <a href=\"http:\/\/www.andrashidvegi.com\/\">http:\/\/www.andrashidvegi.com\/<\/a><\/div>\r\n<p>- \u00c9s az \u00e9jszak\u00e1t hol fogja t\u00f6lteni? \u2013 k\u00e9rdezem, \u00e9s a fejemmel az Opel fel\u00e9 biccentek.<br \/>- H\u00e1t, ott \u2013 v\u00e1laszolja Vera.<br \/>- Hol? A h\u00e1ts\u00f3 \u00fcl\u00e9sen? \u2013 meresztegetem a szemem.<br \/>- Igen \u2013 mondja Vera valami olyan elsz\u00e1nts\u00e1ggal a tekintet\u00e9ben, amivel neh\u00e9z vitatkozni. \u2013 Lacival is \u00fagy csin\u00e1ltuk.<\/p>\r\n<p>Anyuk\u00e1mra n\u00e9zek. \u0150 pedig \u00fagy n\u00e9zi Ver\u00e1t, mint aki nyilv\u00e1n jobban tudja.<\/p>\r\n<p>Vera anyuk\u00e1m unokah\u00faga, vagyis az \u00e9n m\u00e1sod-nagyn\u00e9n\u00e9m. Laci pedig Vera f\u00e9rje volt-- am\u00edg egy \u00e9ve meg nem halt. A hamvaszt\u00e1s \u00e9s a temet\u00e9s k\u00f6z\u00f6tti \u00e9jszak\u00e1t \u0151 is a h\u00e1z el\u0151tt parkol\u00f3 Opel h\u00e1ts\u00f3 \u00fcl\u00e9s\u00e9n t\u00f6lt\u00f6tte az urn\u00e1ban. Pontosan ott, ahol ezek szerint most anyuk\u00e1m anyuk\u00e1ja, vagyis a nagymam\u00e1m is t\u00f6lteni fogja.<\/p>\r\n<p>Fura, gondolom magamban.<br \/>- De mi\u00e9rt? \u2013 k\u00e9rdezem Ver\u00e1t.<br \/>\u0150 \u00fagy n\u00e9z r\u00e1m, mint aki tud valamit, \u00e9s azt gondolja, hogy azt a valamit \u00e9n is tudom.<\/p>\r\n<p>- H\u00e1t, nem akarj\u00e1k, hogy a h\u00e1zban maradjon mami szelleme \u2013 mondja k\u00e9s\u0151bb Judit a telefonban.<br \/>Judit a feles\u00e9gem, \u00e9s otthon maradt a gyerekekkel.<br \/>- Tudod, mami \u00e9s \u00e9n az utols\u00f3 t\u00edz \u00e9vben m\u00e1r nem voltunk igaz\u00e1n egy hull\u00e1mhosszon \u2013 v\u00e1laszolom neki \u2013, de azt nem gondolom, hogy b\u00e1rmi rosszat akarna a szelleme, ha itt maradna. Engem nem zavarna, ha tudn\u00e1m, hogy itt kering k\u00f6r\u00fcl\u00f6ttem.<br \/>- Igen, de az t\u00e9ged is zavarna, ha nyitogatni kezden\u00e9 a fi\u00f3kokat, hogy felh\u00edvja mag\u00e1ra a figyelmet \u2013 v\u00e1gja r\u00e1 r\u00f6gt\u00f6n Judit.<br \/>Ha szellemekr\u0151l van sz\u00f3, mindig van egy frapp\u00e1ns v\u00e1lasza.<br \/>Hallgatok egy darabig, azt\u00e1n kib\u00f6k\u00f6m:<br \/>- H\u00e1t, igen. Az zavarna.<\/p>\r\n<p>Lehet, hogy erre gondol Vera is, amikor \u00fagy n\u00e9z r\u00e1m, mint aki tud valamit, \u00e9s azt gondolja, hogy azt a valamit \u00e9n is tudom. Nem tudom. De \u00fagy \u00e9rzem, hogy \u0151k mindannyian tudnak valamit, amit \u00e9n nem.<\/p>\r\n<p>T\u00e9bl\u00e1bolunk a zalaegerszegi naplement\u00e9ben, a dombtet\u0151n \u00e1ll\u00f3 h\u00e1z el\u0151tt, \u00e9s az Opelre pillantunk mind a n\u00e9gyen-- \u00e9n pedig kezdem azt \u00e9rezni, hogy \u00e9szrev\u00e9tlen\u00fcl bel\u00e9ptem egy Almod\u00f3v\u00e1r-filmbe.<\/p>\r\n<p>- Adri, nincs egy cigid? \u2013 k\u00e9rdezem m\u00e1sod-unokates\u00f3mat, aki Anyuk\u00e1m \u00e9s Vera k\u00f6z\u00f6tt \u00e1ll.<\/p>\r\n<p>Adri Vera nagyobbik l\u00e1nya. Vagyis annak a Lacinak a l\u00e1nya, aki tavaly a hamvaszt\u00e1s \u00e9s a temet\u00e9s k\u00f6z\u00f6tti \u00e9jszak\u00e1t szint\u00e9n a h\u00e1ts\u00f3 \u00fcl\u00e9s\u00e9n t\u00f6lt\u00f6tte az urn\u00e1ban.<\/p>\r\n<p>Nemigen doh\u00e1nyzom m\u00e1r \u00e9vek \u00f3ta, de \u00fagy \u00e9rzem, hogy ebben az Almod\u00f3v\u00e1r-filmben, ennek a karakternek (akit \u00e9n alak\u00edtok) most r\u00e1 kell gy\u00fajtania. Adri ad egy sz\u00e1l cigit, \u00e9s meggy\u00fajt egyet mag\u00e1nak is.<\/p>\r\n<p>Megsz\u00e9d\u00fcl\u00f6k, ahogy telesz\u00edvom a t\u0171d\u0151met f\u00fcsttel.<\/p>\r\n<p>Beleb\u00e1mulok a naplement\u00e9be, \u00e9s a nagymam\u00e1mra gondolok. Meg a tepsis krumplira, aminek neh\u00e9z illata megt\u00f6lti a langyos ny\u00e1ri leveg\u0151t.<\/p>\r\n<p>Tekintetem a t\u00e1sk\u00e1ra t\u00e9ved, amibe m\u00e9g Budapesten tett\u00fck az urn\u00e1t, \u00e9s amib\u0151l az\u00f3ta sem vett\u00fck ki. Azt\u00e1n Ver\u00e1ra n\u00e9zek, m\u00e9g mindig k\u00e9ts\u00e9gek k\u00f6z\u00f6tt.<br \/>- Papa mondta, hogy \u00edgy csin\u00e1ljuk \u2013 mondja \u0151, \u00e9s b\u00f3lint.<\/p>\r\n<p>Papa Vera \u00e9desapja, akit mi mindig csak Vilmos b\u00e1tyusnak h\u00edvtunk. Vilmos b\u00e1tyus a nagymam\u00e1m b\u00e1tyja-- \u00e9s annak a Magdusnak a f\u00e9rje, aki a c\u00edmben szerepl\u0151 kugl\u00f3fot s\u00fct\u00f6tte.<\/p>\r\n<p>Ahhoz k\u00e9pest, hogy m\u00e9h\u00e9sz, Vilmos b\u00e1tyus soha nem volt egy t\u00fcnd\u00e9ri aranyos ember. Szigor\u00fa, kem\u00e9ny kis fick\u00f3 volt. \u00c9s m\u00e9g ma is az-- k\u00f6zel a kilencvenhez. K\u00f6zelebb a sz\u00e1z\u00f6tven, mint a sz\u00e1zhatvan centihez.<\/p>\r\n<p>T\u00fal\u00e9lt egy h\u00e1bor\u00fat, \u00e9s, gondolom, egymilli\u00f3 m\u00e9hcs\u00edp\u00e9st. Ha az ut\u00f3bbi hatvanvalah\u00e1ny \u00e9vben nem lett volna mellette Magdus, akkor Vilmos b\u00e1tyus ma m\u00e1r minden bizonnyal egy kib\u00edrhatatlanul morg\u00f3s v\u00e9nember lenne.<\/p>\r\n<p>De Magdusn\u00e1l vid\u00e1mabb \u00e9s jobb ked\u00e9ly\u0171 ember nincs eg\u00e9sz Zal\u00e1ban. \u0150t az\u00e9rt adta a J\u00f3isten Vilmos b\u00e1tyusnak, hogy ne legyen bel\u0151le egy kib\u00edrhatatlanul morg\u00f3s v\u00e9nember.<\/p>\r\n<p>Magdus olyan vicces, hogyha Angli\u00e1ba sz\u00fcletett volna, biztosan \u0151 lett volna a harmadik duci h\u00f6lgy.<\/p>\r\n<p>Vagy az Anyakir\u00e1lyn\u0151.<\/p>\r\n<p>A kugl\u00f3fja \u00e9s a fell\u00e9p\u00e9se alapj\u00e1n b\u00e1rmelyiknek megv\u00e1lasztott\u00e1k volna a britek.<\/p>\r\n<p>M\u00e1snap mindenesetre \u2013 miut\u00e1n mindannyian j\u00f3l kib\u0151gt\u00fck magunkat a temet\u0151ben, \u00e9s visszament\u00fcnk a domtet\u0151n \u00e1ll\u00f3 h\u00e1zba \u2013 r\u00e1vetett\u00fck magunkat a kugl\u00f3fra, amit Magdus az\u00e9rt s\u00fct\u00f6tt, hogy legyen mivel v\u00edgasztal\u00f3dnunk-- \u00e9s \u00fagy r\u00e1moltuk magunkba, mintha fizettek volna \u00e9rte. Magdus pedig, aki m\u00e1r s\u00edrt egy kiad\u00f3sat nagymam\u00e1m temet\u00e9s\u00e9n, csillog\u00f3 szemmel n\u00e9zte, ahogy eg\u00e9sz csal\u00e1dja k\u00e9tpof\u00e1ra t\u00f6mi mag\u00e1ba a kugl\u00f3fj\u00e1t, \u00e9s csak annyit mondott, hogy nincsen annak semmi titka-- hacsak a h\u00e1zt\u00e1ji toj\u00e1s nem, amit a t\u00e9szt\u00e1j\u00e1hoz adott.<\/p>\r\n<p>Ja.<\/p>\r\n<p>Gondoltam.<\/p>\r\n<p>A h\u00e1zt\u00e1ji toj\u00e1s.<\/p>\r\n<p>F\u0151leg az.<\/p>\r\n<p>Meg tal\u00e1n az, hogy utolj\u00e1ra nagymam\u00e1m nyolcvanadik sz\u00fclet\u00e9snapj\u00e1n voltunk \u00edgy egy\u00fctt, \u00e9s tal\u00e1n soha t\u00f6bbet nem lesz\u00fcnk.<br \/>Abban a huszonn\u00e9gy \u00f3r\u00e1ban mindenesetre, amit nagymam\u00e1m temet\u00e9se alkalm\u00e1b\u00f3l Zalaegerszegen t\u00f6lt\u00f6tt\u00fcnk, \u00f6sszesen egyetlen f\u00e9nyk\u00e9pet b\u00edrtunk k\u00e9sz\u00edteni. A fentit. A kugl\u00f3fr\u00f3l. Magdus kugl\u00f3fj\u00e1r\u00f3l.<\/p>","type":"rich"}

Fűszer és Lélek

Fűszeres Eszter

Magdus kuglófja

<div><a href="https://fuszereslelek.nlcafe.hu/wp-content/uploads/sites/5/2010/08/Magdus-Kuglófja.jpg" rel="attachment wp-att-7220322"><img class="aligncenter size-full wp-image-7220322" src="https://fuszereslelek.nlcafe.hu/wp-content/uploads/sites/5/2010/08/Magdus-Kuglófja.jpg" alt="Magdus-Kuglófja" width="400" height="533" /></a></div>
<div>Hídvégi András írása: <a href="http://www.andrashidvegi.com/">http://www.andrashidvegi.com/</a></div>
<p>- És az éjszakát hol fogja tölteni? – kérdezem, és a fejemmel az Opel felé biccentek.<br />- Hát, ott – válaszolja Vera.<br />- Hol? A hátsó ülésen? – meresztegetem a szemem.<br />- Igen – mondja Vera valami olyan elszántsággal a tekintetében, amivel nehéz vitatkozni. – Lacival is úgy csináltuk.</p>
<p>Anyukámra nézek. Ő pedig úgy nézi Verát, mint aki nyilván jobban tudja.</p>
<p>Vera anyukám unokahúga, vagyis az én másod-nagynéném. Laci pedig Vera férje volt-- amíg egy éve meg nem halt. A hamvasztás és a temetés közötti éjszakát ő is a ház előtt parkoló Opel hátsó ülésén töltötte az urnában. Pontosan ott, ahol ezek szerint most anyukám anyukája, vagyis a nagymamám is tölteni fogja.</p>
<p>Fura, gondolom magamban.<br />- De miért? – kérdezem Verát.<br />Ő úgy néz rám, mint aki tud valamit, és azt gondolja, hogy azt a valamit én is tudom.</p>
<p>- Hát, nem akarják, hogy a házban maradjon mami szelleme – mondja később Judit a telefonban.<br />Judit a feleségem, és otthon maradt a gyerekekkel.<br />- Tudod, mami és én az utolsó tíz évben már nem voltunk igazán egy hullámhosszon – válaszolom neki –, de azt nem gondolom, hogy bármi rosszat akarna a szelleme, ha itt maradna. Engem nem zavarna, ha tudnám, hogy itt kering körülöttem.<br />- Igen, de az téged is zavarna, ha nyitogatni kezdené a fiókokat, hogy felhívja magára a figyelmet – vágja rá rögtön Judit.<br />Ha szellemekről van szó, mindig van egy frappáns válasza.<br />Hallgatok egy darabig, aztán kibököm:<br />- Hát, igen. Az zavarna.</p>
<p>Lehet, hogy erre gondol Vera is, amikor úgy néz rám, mint aki tud valamit, és azt gondolja, hogy azt a valamit én is tudom. Nem tudom. De úgy érzem, hogy ők mindannyian tudnak valamit, amit én nem.</p>
<p>Téblábolunk a zalaegerszegi naplementében, a dombtetőn álló ház előtt, és az Opelre pillantunk mind a négyen-- én pedig kezdem azt érezni, hogy észrevétlenül beléptem egy Almodóvár-filmbe.</p>
<p>- Adri, nincs egy cigid? – kérdezem másod-unokatesómat, aki Anyukám és Vera között áll.</p>
<p>Adri Vera nagyobbik lánya. Vagyis annak a Lacinak a lánya, aki tavaly a hamvasztás és a temetés közötti éjszakát szintén a hátsó ülésén töltötte az urnában.</p>
<p>Nemigen dohányzom már évek óta, de úgy érzem, hogy ebben az Almodóvár-filmben, ennek a karakternek (akit én alakítok) most rá kell gyújtania. Adri ad egy szál cigit, és meggyújt egyet magának is.</p>
<p>Megszédülök, ahogy teleszívom a tűdőmet füsttel.</p>
<p>Belebámulok a naplementébe, és a nagymamámra gondolok. Meg a tepsis krumplira, aminek nehéz illata megtölti a langyos nyári levegőt.</p>
<p>Tekintetem a táskára téved, amibe még Budapesten tettük az urnát, és amiből azóta sem vettük ki. Aztán Verára nézek, még mindig kétségek között.<br />- Papa mondta, hogy így csináljuk – mondja ő, és bólint.</p>
<p>Papa Vera édesapja, akit mi mindig csak Vilmos bátyusnak hívtunk. Vilmos bátyus a nagymamám bátyja-- és annak a Magdusnak a férje, aki a címben szereplő kuglófot sütötte.</p>
<p>Ahhoz képest, hogy méhész, Vilmos bátyus soha nem volt egy tündéri aranyos ember. Szigorú, kemény kis fickó volt. És még ma is az-- közel a kilencvenhez. Közelebb a százötven, mint a százhatvan centihez.</p>
<p>Túlélt egy háborút, és, gondolom, egymillió méhcsípést. Ha az utóbbi hatvanvalahány évben nem lett volna mellette Magdus, akkor Vilmos bátyus ma már minden bizonnyal egy kibírhatatlanul morgós vénember lenne.</p>
<p>De Magdusnál vidámabb és jobb kedélyű ember nincs egész Zalában. Őt azért adta a Jóisten Vilmos bátyusnak, hogy ne legyen belőle egy kibírhatatlanul morgós vénember.</p>
<p>Magdus olyan vicces, hogyha Angliába született volna, biztosan ő lett volna a harmadik duci hölgy.</p>
<p>Vagy az Anyakirálynő.</p>
<p>A kuglófja és a fellépése alapján bármelyiknek megválasztották volna a britek.</p>
<p>Másnap mindenesetre – miután mindannyian jól kibőgtük magunkat a temetőben, és visszamentünk a domtetőn álló házba – rávetettük magunkat a kuglófra, amit Magdus azért sütött, hogy legyen mivel vígasztalódnunk-- és úgy rámoltuk magunkba, mintha fizettek volna érte. Magdus pedig, aki már sírt egy kiadósat nagymamám temetésén, csillogó szemmel nézte, ahogy egész családja kétpofára tömi magába a kuglófját, és csak annyit mondott, hogy nincsen annak semmi titka-- hacsak a háztáji tojás nem, amit a tésztájához adott.</p>
<p>Ja.</p>
<p>Gondoltam.</p>
<p>A háztáji tojás.</p>
<p>Főleg az.</p>
<p>Meg talán az, hogy utoljára nagymamám nyolcvanadik születésnapján voltunk így együtt, és talán soha többet nem leszünk.<br />Abban a huszonnégy órában mindenesetre, amit nagymamám temetése alkalmából Zalaegerszegen töltöttünk, összesen egyetlen fényképet bírtunk készíteni. A fentit. A kuglófról. Magdus kuglófjáról.</p>
